ve of -f**4/24 - 11*f**3/6 + 4*f**2 - 62. Determine k(-7).
-4
Let u(o) = 5*o. Let j(r) = r - 1. Let g(h) = -3*j(h) + u(h). Let s(c) be the third derivative of c**4/12 - 25*c**3/6 - 9*c**2. Let t be s(14). What is g(t)?
9
Let z(r) = -15*r**2 + r. Suppose -6*g + 6 = -6. Let a be -1 - (g - 2)/(-4). Calculate z(a).
-16
Let o(s) = -5 + 6*s + 5 + s. Determine o(2).
14
Let z(b) = 0*b**2 + 13 - 2 + b - 7 - 3 - 2*b**2. Give z(2).
-5
Let s = -18 + 28. Let f be 27/5 - 4/s. Let u(r) = 6*r**2 - 22*r - 2. Let q(l) = -5*l**2 + 18*l + 2. Let i(d) = -5*q(d) - 4*u(d). Calculate i(f).
13
Let k(n) = 0*n**2 - 22*n + 27*n - 3*n**2 - 10 + 7. Give k(3).
-15
Let u(t) = -2*t**2 - 4*t - 1. Suppose f - 2*b = -3*f - 314, 0 = -5*f + 5*b - 405. Let l = 72 + f. Calculate u(l).
-17
Let a(i) = i**2 - 3*i - 1. Let m be a(0). Let d(l) = -24*l**2 + 2*l + 1. Give d(m).
-25
Let z(t) = -5*t**3 + 8*t**2 - 13*t - 21. Let w(d) = -d**3 - 3*d - 2. Let n(u) = -6*w(u) + z(u). What is n(-7)?
5
Let w(o) be the second derivative of -o**5/20 - 5*o**4/12 - 5*o**3/6 - 7*o**2/2 + 595*o. What is w(-4)?
-3
Let m(a) be the third derivative of a**5/60 + 3*a**4/8 - a**3/3 - 133*a**2. What is m(-9)?
-2
Let w(g) = g**3 - 6*g**2 + 4*g + 7. Let f(k) = -k**3 + k + 6. Let l be f(-3). Suppose 0 = 6*i - i + l. Let z be 8 - i*(-1)/2. Give w(z).
2
Let i(o) be the second derivative of -o**5/20 - o**4/12 + 7*o**2 + 6*o. What is i(0)?
14
Let i be 3 - (13 - -3)/4. Let y(p) = -6*p**3 + 2*p**2 + 3*p + 2. Let w be y(i). Let v(g) = 7*g**2 - g**3 + 7*g - 2*g**2 - 9*g**2 + w. What is v(-5)?
-3
Let u(k) = 3*k + 0*k + 3*k**2 - 4*k. Suppose 4 = 4*x - 8. Let n be 2/x - 25/15. Calculate u(n).
4
Let z(y) be the third derivative of -y**6/120 + y**5/10 + 5*y**4/24 + 7*y**3/6 + y**2. Suppose 5*h - 3*v - 44 = 6, -h + 4*v + 27 = 0. Determine z(h).
-7
Let n = 8 - -17. Suppose n*q + 5 = 24*q. Let b(m) = m**2 + 4*m - 6. Give b(q).
-1
Let r(d) = 3*d + 2*d**3 - 7 + 7*d**2 + 5*d - 3*d**3. Suppose -13*j + 406 = -127. Suppose -4*a + j = 9. Give r(a).
-7
Let r(q) be the second derivative of q**3/6 + 5*q**2/2 + 12*q + 1. Give r(-8).
-3
Let p be 57/9 + 2 - (-14)/(-42). Let c(q) = -3*q + 4*q - p - 3 + 3. Determine c(4).
-4
Let j(g) = 7*g + 2 - 2*g - 6*g. Let c be j(3). Let h(y) = -y**3 - 2*y**2 + y + 1. Give h(c).
-1
Let i(g) = -g. Let a be (102/(-24) + 5)/((-2)/(-48)). Suppose r + 2 - 5 = 0. Suppose 0 = r*t + a. What is i(t)?
6
Let a(q) = -q**3 + 6*q**2 - 2*q + 13. Let h be ((-48)/(-28))/((-2)/(-7)). What is a(h)?
1
Let f(s) = -s**3 - s**2 - s + 1. Let c(k) = -k**2 + 4*k - 11 + 19*k**3 - 16*k**3 - k**2 - 2*k**2. Let m(i) = -c(i) - 2*f(i). Calculate m(6).
-3
Let l be 1/(-5) + 288/15. Let x = -23 + l. Let k(h) = h**3 + 5*h**2 + h - 3. What is k(x)?
9
Let y(s) = 19 + 6*s + 13*s - 20*s - 15. Let g be -10*(12/(-4))/(-6). Give y(g).
9
Let k(y) = -1 - 5*y**2 + 5*y**2 - 9 - y**2 + 8*y. Calculate k(4).
6
Let p(u) = 221*u**2 + 552*u - 222*u**2 + 2 - 557*u. Give p(-4).
6
Let z(w) = 16*w**3 - 16*w**2 + 22*w + 4. Let i(h) = 5*h**3 - 5*h**2 + 7*h + 1. Let y(m) = -10*i(m) + 3*z(m). Determine y(2).
-14
Let l(n) = -5 - 3*n - 11 - 7*n + 12*n. Give l(11).
6
Let k(u) = 3*u - 23. Suppose -3*o + 29 = 2*b, -b - 12 = -5*o + 6. Calculate k(b).
-2
Suppose -52*o + 74 + 82 = 0. Let w(y) be the second derivative of -y**6/180 + y**5/60 + y**4/6 + 2*y. Let d(b) be the third derivative of w(b). Determine d(o).
-10
Suppose 5*i = 47 - 17. Let j(n) = -n**2 + 6*n - 4. Calculate j(i).
-4
Let m be 3/15 + (-2)/10. Suppose 0 = x - 2*j - 2 - 0, -5*x = j - 10. Let n(v) = 22*v - 3 - v**3 - 21*v + 4 - v**x. Calculate n(m).
1
Let s = 15 - 3. Let k(m) = -4*m**2 - 13*m + 9. Let r(x) = -3*x**2 - 13*x + 8. Let l(c) = -4*k(c) + 5*r(c). What is l(s)?
-8
Let h be (1 + 16/(-4))/(-1). Suppose 3*z + h = 0, 5*y - 2*z - 41 = -z. Let a = 13 - y. Let f(q) = q + 6. Determine f(a).
11
Let x(s) = -5*s**2 + 5*s + 2. Let v(r) = -6*r**2 + 4*r + 3. Let t(u) = -4*v(u) + 5*x(u). Let f = -42 - -49. Give t(f).
12
Let a = -4 + 6. Suppose -y = 4*y + h - 35, -3*y + a*h + 8 = 0. Let l = -11 + y. Let d(p) = p**3 + 4*p**2 - 6*p - 6. What is d(l)?
-1
Let d(j) = j**3 + 12*j**2 + 13*j + 16. Let q be 3*((-10)/(-2) - (-1014)/(-117)). Calculate d(q).
-6
Let c(a) = -2*a**2 + 2*a + 1. Suppose 8*q = 4*q. Let f(p) = p**2 + 2*p - 12. Let i be f(-5). Suppose -o + 2 - i = q. Give c(o).
-3
Let l(c) be the third derivative of 0*c + 0*c**3 + 0 + 1/20*c**5 + 1/120*c**6 - 5/24*c**4 - 2*c**2. Let t(v) = -v**3 - 37*v**2 - 4. Let m be t(-37). Give l(m).
4
Let u(f) = f**3 + 5*f**2 + 4*f + 3. Let d(x) = -x**3 + 14*x**2 + x - 23. Let q be d(14). Let z be (-4)/6 + (-3)/q*-4. Calculate u(z).
7
Let t(j) = j**2 - 16*j + 25. Let u(n) = -n**3 - 6*n**2 - 8*n - 1. Let s be u(-5). Determine t(s).
-3
Let a(t) = -2*t + 12. Let k be a(-6). Suppose 0 = 4*z + 4*b - k, 2*z - 5*b = 9 + 3. Suppose -z = 4*y - 3*y. Let q(o) = o + 6. Give q(y).
0
Let f(s) be the first derivative of -s**2/2 - s + 41. Let h(y) = -y - 1. Let t(x) = -3*f(x) + 4*h(x). What is t(-2)?
1
Let l(c) = -8736 + c**2 + 4364 - c + 4394. Give l(0).
22
Suppose 4*b - b - 6 = 0. Suppose 2*k + b - 3 = q, -4*k + q + 7 = 0. Suppose -k*j = -2*j - 3. Let h(c) = -c**3 + 3*c**2 - 3*c + 3. Give h(j).
-6
Let f(t) = t**3 - 5*t**2 + 3*t - 9. Suppose 5*r = c - 26, 0 = -28*c + 24*c + 5*r + 44. Give f(c).
45
Let r(z) = -z**2 - 7*z - 7. Let t be 4*((-3)/2 + 23/92). Determine r(t).
3
Let r(l) = -l - 2. Let h = -3 - -11. Suppose -4*u - 3*o = h, 0*o - 2 = u - 4*o. Give r(u).
0
Let q(h) = 5*h**3 - 14*h**2 - 4*h - 6*h**3 + 11*h**2 - 2. Give q(-2).
2
Let f(l) be the second derivative of l**4/2 + l**3/6 + l**2/2 - 10*l - 4. Give f(-2).
23
Let u(a) = a**2 - a - 13. Let i be (-9)/(-27) - 1/3. Calculate u(i).
-13
Let s(l) = l**2 - 11*l - 16. Let h be s(-8). Let d = h + -142. Let c(o) = o**3 + 5*o**2 - 6*o - 7. Calculate c(d).
-7
Let x = -14 + 20. Let k be 3/(-1) - (5 - 10). Let t(a) = -6*a - 3*a**2 + 2*a**2 + k*a**2 + 3. What is t(x)?
3
Let t(h) = -h**2 - h - 1. Let v(y) = 8*y**2 + 4*y + 11. Let c(u) = 14*t(u) + 2*v(u). Let o be c(4). Let r = o - 13. Let m(z) = 3*z - 2. Determine m(r).
7
Let a(p) = -3*p**3 + p**2 + p + 1. Let n be a(-1). Let i(b) = 3*b + 9*b - 11*b + 3. Calculate i(n).
7
Let f = -8 - -13. Let d(m) be the second derivative of 1/20*m**5 - 5/12*m**4 + 0 + 1/6*m**3 + 2*m**2 - m. Calculate d(f).
9
Let d(r) be the third derivative of -r**5/60 - 17*r**4/24 + 23*r**3/6 + r**2 - 6*r. Give d(-19).
-15
Let d(s) be the second derivative of s**6/144 + s**5/120 - s**4/4 - 30*s. Let p(b) be the third derivative of d(b). Calculate p(1).
6
Let o(d) = -2*d + 5. Let i = -17 + 16. Let v = 2 - i. Let s(w) = 4*w - 6. Let x be s(v). What is o(x)?
-7
Let o = -9 + 14. Suppose i + 19 = -5*y, -o*i + 0*y = -3*y - 45. Let g(k) = -i*k - 3*k**2 + 2*k**2 + 0*k**2 + 3. Determine g(-6).
3
Let i(q) = -q**2 - q + 16. Let n be i(3). Let v(c) = c. What is v(n)?
4
Let k(o) = -10 + 465*o + 4*o**3 - 931*o + o**2 - 5*o**3 + 465*o. Calculate k(-2).
4
Let p(z) = -5*z**2 + z - 10. Let y = 98 + -20. Let x be (3/(-9))/(2/y). Let b(h) = -11*h**2 + 2*h - 20. Let g(a) = x*p(a) + 6*b(a). What is g(0)?
10
Let n(s) be the third derivative of s**5/120 + 5*s**4/12 + 2*s**3/3 + 9*s**2. Let q(z) be the first derivative of n(z). Calculate q(-7).
3
Let a(u) = -2*u**2 - 4*u. Suppose -2*b = 4*z - b - 5, b = 3*z - 2. Let j(k) = -3*k**3 + k**2 - 1. Let c be j(z). Calculate a(c).
-6
Let g(v) be the first derivative of 2*v**3/3 + v**2 + v + 1. Suppose 5*q = -1070 + 320. Let l = 148 + q. What is g(l)?
5
Let q = 460 - 457. Let l(b) = -b**3 + 3*b**2 + 4*b + 7. Let t(j) = -j**3 + 3*j**2 + 3*j + 6. Let i(w) = -2*l(w) + 3*t(w). Give i(q).
7
Suppose -129 - 132 = -29*t. Let r(s) = -s + s - 2*s + 9. Give r(t).
-9
Suppose -16 = 6*l - 2*l. Let b(h) = 6*h**3 + 8*h**2 - 4*h - 4. Let p(u) = u**3 + u**2 - 1. Let r = 1 - 0. Let t(m) = r*b(m) - 5*p(m). Determine t(l).
1
Let f be (-10)/8*(-36)/60*8. Suppose -4*n + 0*s - 3*s + 21 = 0, -5*s = -n + 11. Let o(p) = 3 - f - n*p + p**2 + 7. Determine o(4).
-4
Let k = 860 - 861. Let r(d) = 3*d - 2 - d + 3. What is r(k)?
-1
Suppose -q - 2*d = -5*q - 256, 0 = 3*d - 6. Let k = q + -25. Let w be k/(-16) - (-2)/4. Let p(u) = -2*u + 3. Calculate p(w).
-9
Suppose 5*w = 0, -k - 2 = -38*w + 39*w. Let f(l) = 8*l**2 + 4*l + 2. Determine f(k).
26
Le